base 7, what is -11610060 - -2?
-11610055
In base 6, what is 10533 + 442?
11415
In base 13, what is 297 - -267?
531
In base 11, what is -57a03 - 5?
-57a08
In base 4, what is -11101 + -31300?
-103001
In base 8, what is 11733014 - 4?
11733010
In base 12, what is -2 + 1a6?
1a4
In base 4, what is -2 - 11121330?
-11121332
In base 6, what is -35 + -12131?
-12210
In base 6, what is -101 + 4005?
3504
In base 4, what is -332 + 123123?
122131
In base 4, what is -2 - -1230021?
1230013
In base 4, what is -33 + 23021?
22322
In base 8, what is 3 - -203345?
203350
In base 3, what is 202 - -20201011221?
20201012200
In base 10, what is -546 - 206?
-752
In base 2, what is -1100010111110 + -101011010?
-1101000011000
In base 14, what is -150 - 3b?
-18b
In base 12, what is -5 - 67b64?
-67b69
In base 12, what is -3 + -3846?
-3849
In base 13, what is -29 + -1ac8?
-1b24
In base 11, what is 2020 + -a?
2011
In base 8, what is 726 - 43?
663
In base 11, what is 1359 + -6?
1353
In base 14, what is -3 - 6b403?
-6b406
In base 4, what is 1120301 + -23103?
1031132
In base 8, what is -242 + 11576?
11334
In base 8, what is 44 - 106?
-42
In base 16, what is d + -8686?
-8679
In base 5, what is 23431340 + 10?
23431400
In base 6, what is 2 + 3525435?
3525441
In base 3, what is -20011 - -2021021?
2001010
In base 4, what is -11313321 + -2?
-11313323
In base 12, what is 0 + -4860?
-4860
In base 4, what is -11 + -23011213?
-23011230
In base 4, what is -10 - 23103222?
-23103232
In base 16, what is -8a - -4b3?
429
In base 15, what is -1aa - 180?
-33a
In base 12, what is 1a3863 - 0?
1a3863
In base 8, what is -22777106 + -5?
-22777113
In base 15, what is 345d + -6?
3457
In base 5, what is -2 + -12321?
-12323
In base 7, what is 10305 - -4124?
14432
In base 7, what is -2436 + 56?
-2350
In base 7, what is 11251 + -244?
11004
In base 9, what is -3 - -234577?
234574
In base 10, what is -12 - -2176?
2164
In base 3, what is 10212011122 - 1?
10212011121
In base 16, what is 470fb + -3?
470f8
In base 6, what is -10 - 512532?
-512542
In base 8, what is 130020 - -10?
130030
In base 4, what is -2020133331 + 11?
-2020133320
In base 8, what is 0 + 14620?
14620
In base 12, what is -2935 - 1?
-2936
In base 2, what is -10001101001100 + 1101110?
-10001011011110
In base 4, what is 1001301 - -32?
1001333
In base 2, what is -1001111111001011110 - -101?
-1001111111001011001
In base 10, what is -208292 - -1?
-208291
In base 14, what is -cc71 - -3?
-cc6c
In base 8, what is -1447 - -64?
-1363
In base 13, what is 3 + -c28b?
-c288
In base 11, what is 2 + 22381?
22383
In base 10, what is -28 + -19999?
-20027
In base 13, what is 3210 - 0?
3210
In base 15, what is 7aa + -59?
751
In base 6, what is -1043034 - -1?
-1043033
In base 10, what is 4407 - 116?
4291
In base 2, what is -110111 + -11010000101?
-11010111100
In base 14, what is 5 + -71479?
-71474
In base 8, what is 14 - -1340?
1354
In base 14, what is -46 + -da3d?
-da85
In base 6, what is -120113 + 21?
-120052
In base 2, what is -101 + -1000100100010000110?
-1000100100010001011
In base 3, what is -10100012 - -122?
-10022120
In base 16, what is 1f - 3ea6?
-3e87
In base 12, what is 35 + -140?
-107
In base 13, what is 2488 - 1?
2487
In base 13, what is 9 - 114?
-108
In base 15, what is 3a3 + -1180?
-ccc
In base 3, what is 12 + 21211211222?
21211212011
In base 3, what is 100020 + 222200?
1022220
In base 2, what is -1010000110011001110 - -1?
-1010000110011001101
In base 3, what is -10 - -10102202002?
10102201222
In base 8, what is 3512 - 32?
3460
In base 13, what is 7 - 3004?
-2cca
In base 15, what is 2b + 9395?
93c1
In base 6, what is -1 + 1322000?
1321555
In base 15, what is 4 - -30c4?
30c8
In base 8, what is 274557 - 10?
274547
In base 7, what is 451650 + 0?
451650
In base 9, what is 5 - -32088?
32104
In base 4, what is -23 + -20112011?
-20112100
In base 3, what is -10020010 + -12?
-10020022
In base 16, what is -509 - -1?
-508
In base 14, what is -1 - -1a873?
1a872
In base 4, what is 3211121 - 113?
3211002
In base 3, what is -122110120121 + -1?
-122110120122
In base 16, what is 9 - -1ce?
1d7
In base 2, what is 11000001 - 1011110111010?
-1011011111001
In base 12, what is 305a + 1?
305b
In base 12, what is -146 - 14?
-15a
In base 14, what is -13a114 + 2?
-13a112
In base 14, what is 6 + 2a9bc?
2a9c4
In base 13, what is -44b5c - -29?
-44b33
In base 9, what is -262325 - 14?
-262340
In base 16, what is 9 + -29a3?
-299a
In base 4, what is -21322013221 + 1?
-21322013220
In base 13, what is -4c5 - 185?
-67a
In base 15, what is 91d - 1d?
900
In base 7, what is 65455 - -5?
65463
In base 12, what is 4 + 49355?
49359
In base 13, what is 84 - -2a0?
354
In base 16, what is b09 - -2?
b0b
In base 3, what is -1120020122122 + -2?
-1120020122201
In base 14, what is 9 - -37ad?
37b8
In base 8, what is -2 + 64566?
64564
In base 15, what is -1ad57 + -2?
-1ad59
In base 2, what is 110 + -1000010101001100?
-1000010101000110
In base 5, what is 2 - 431141040?
-431141033
In base 15, what is -3 - -389a?
3897
In base 16, what is -173 + -26da?
-284d
In base 11, what is -a5 - -167?
72
In base 9, what is 4 + -52106?
-52102
In base 5, what is -332 + 42444?
42112
In base 16, what is -7822 - 43?
-7865
In base 7, what is 134 + -3032?
-2565
In base 15, what is -1 - 23ac1?
-23ac2
In base 16, what is -2b - -30a41?
30a16
In base 9, what is -1077 - -1282?
204
In base 4, what is -22 + -232111?
-232133
In base 15, what is -4ac1c - 0?
-4ac1c
In base 12, what is 43736 + 1?
43737
In base 10, what is 67426 + -12?
67414
In base 7, what is -2525 - 4213?
-10041
In base 3, what is -12 + -21211102120?
-21211102202
In base 3, what is -10 + -12101221?
-12102001
In base 16, what is -a1 - -9a5d?
99bc
In base 10, what is -10 + 44418?
44408
In base 16, what is -3a2ed - -2?
-3a2eb
In base 7, what is 2 - 100545?
-100543
In base 5, what is -12343 - -234?
-12104
In base 12, what is 7 - -3a587?
3a592
In base 7, what is 3 + 46243?
46246
In base 16, what is 37 + 173?
1aa
In base 9, what is -1452 + -143?
-1605
In base 8, what is 62 + 1141?
1223
In base 2, what is -11110000 - 100011001?
-1000001001
In base 2, what is -1110000101100100 - -1?
-1110000101100011
In base 6, what is -2 + -201124?
-201130
In base 15, what is -caa - 4?
-cae
In base 12, what is 2 - bba3?
-bba1
In base 7, what is 1563 + 355?
2251
In base 2, what is 1100010101001010 - 10?
1100010101001000
In base 2, what is -1 + -10100111110011010001?
-10100111110011010010
In base 2, what is 101 + 100111001100001?
100111001100110
In base 7, what is -101231 + -51?
-101312
In base 7, what is 1 + -153212?
-153211
In base 6, what is 11335 + 431?
12210
In base 11, what is -29a87 + 0?
-29a87
In base 9, what is 1043 + -463?
470
In base 11, what is 20a - 178?
42
In base 12, what is -26 + 30b10?
30aa6
In base 6, what is -3403 - 324?
-4131
In base 15, what is ae + -805?
-746
In base 10, what is -3726 - 5?
-3731
In base 10, what is -2056 + 9?
-2047
In base 3, what is 11110 + -20010112?
-12222002
In base 6, what is 531 - -224?
1155
In base 2, what is -101 + -111010011100000?
-111010011100101
In base 15, what is 5 + -be?
-b9
In base 6, what is 535155 - 11?
535144
In base 11, what is -a + 5a40?
5a31
In base 8, what is -26364 - -6?
-26356
In base 2, what is -101 - -100001001110011100101?
100001001110011100000
In base 9, what is 316011 + -1?
316010
In base 3, what is -10220222022 - 102?
-10220222201
In base 11, what is 4 - -5471?
5475
In base 15, what is 2c32 - 1?
2c31
In base 14, what is 21c8 - -b?
21d5
In base 9, what is -625864 - 4?
-625868
In base 13, what is -3 + 6703c?
67039
In base 3, what is -1 - -21112211100?
21112211022
In base 6, what is 220052 + 52?
220144
In base 4, what is -22 - -1020302?
1020220
In base 10, what is 11940 - 3?
11937
In base 2, what is -11001110 - 11010101?
-110100011
In base 8, what is 30074 - -6?
30102
In base 13, what is -1152 + 85?
-109a
In base 11, what is 35116 - -36?
35151
In base 11, what is 1 + -9495?
-9494
In base 10, what is -52594 - 2?
-52596
In base 4, what is -31001 - 1032?
-32033
In base 7, what is 254313 - 0?
254313
In base 12, what is -196b1 + b?
-196a2
In base 8, what is 176764 - -33?
177017
In base 2, what is -111011101001100101 - 10010?
-111011101001110111
In base 7, what is 20 - 14036?
-14016
In base 5, what is -1403212 - -22?
-1403140
In ba